{"id":7,"date":"2022-09-15T08:21:39","date_gmt":"2022-09-15T11:21:39","guid":{"rendered":"https:\/\/clinicajorgejaber.com.br\/espanhol\/?page_id=7"},"modified":"2022-09-15T11:36:49","modified_gmt":"2022-09-15T14:36:49","slug":"el-equipo","status":"publish","type":"page","link":"https:\/\/clinicajorgejaber.com.br\/espanhol\/el-equipo\/","title":{"rendered":"El Equipo"},"content":{"rendered":"<p><strong><img loading=\"lazy\" decoding=\"async\" class=\"alignleft wp-image-8\" src=\"http:\/\/clinicajorgejaber.com.br\/espanhol\/wp-content\/uploads\/2022\/09\/jorgejaber-252x300.jpeg\" alt=\"\" width=\"174\" height=\"207\" srcset=\"https:\/\/clinicajorgejaber.com.br\/espanhol\/wp-content\/uploads\/2022\/09\/jorgejaber-252x300.jpeg 252w, https:\/\/clinicajorgejaber.com.br\/espanhol\/wp-content\/uploads\/2022\/09\/jorgejaber-859x1024.jpeg 859w, https:\/\/clinicajorgejaber.com.br\/espanhol\/wp-content\/uploads\/2022\/09\/jorgejaber-768x915.jpeg 768w, https:\/\/clinicajorgejaber.com.br\/espanhol\/wp-content\/uploads\/2022\/09\/jorgejaber.jpeg 1074w\" sizes=\"auto, (max-width: 174px) 100vw, 174px\" \/>M\u00e9dico Jorge Jaber Director General<\/strong><\/p>\n<p>Psiquiatra, graduado en Medicina por la Universidad del Estado de Rio de Janeiro (UERJ) con MBA en Medicina por la Funda\u00e7\u00e3o Get\u00falio Vargas. Director T\u00e9cnico de la Cl\u00ednica Jorge Jaber, Miembro Fundador y Asociado de la International Society of Addiction Medicine, Miembro del Consejo Administrativo de la Association of Psychiatric Administrators &#8211; AAP, asociado de la New York Academy Of Sciences, asociado de las American Psychiatric Associations &#8211; APA, asociado de la Federaci\u00f3n Mundial Contra las Drogas \u2013 WFAD, Fundador de la banda de carnaval \u201cAlegria Sem Ressaca&#8221;.<\/p>\n<p>&nbsp;<\/p>\n<p>&nbsp;<\/p>\n<p><strong>EQUIPO<\/strong><\/p>\n<p><img loading=\"lazy\" decoding=\"async\" class=\"alignleft size-full wp-image-9\" src=\"http:\/\/clinicajorgejaber.com.br\/espanhol\/wp-content\/uploads\/2022\/09\/angela_site.png\" alt=\"\" width=\"200\" height=\"300\" \/> <img loading=\"lazy\" decoding=\"async\" class=\"alignleft size-medium wp-image-10\" src=\"http:\/\/clinicajorgejaber.com.br\/espanhol\/wp-content\/uploads\/2022\/09\/claudio_tadeu_site.png\" alt=\"\" width=\"200\" height=\"300\" \/> <img loading=\"lazy\" decoding=\"async\" class=\"alignleft size-medium wp-image-11\" src=\"http:\/\/clinicajorgejaber.com.br\/espanhol\/wp-content\/uploads\/2022\/09\/erick_site.png\" alt=\"\" width=\"200\" height=\"300\" \/> <img loading=\"lazy\" decoding=\"async\" class=\"alignleft size-medium wp-image-12\" src=\"http:\/\/clinicajorgejaber.com.br\/espanhol\/wp-content\/uploads\/2022\/09\/paula_site.png\" alt=\"\" width=\"200\" height=\"300\" \/> <img loading=\"lazy\" decoding=\"async\" class=\"alignleft size-medium wp-image-13\" src=\"http:\/\/clinicajorgejaber.com.br\/espanhol\/wp-content\/uploads\/2022\/09\/ricardo_site.png\" alt=\"\" width=\"200\" height=\"300\" \/> <img loading=\"lazy\" decoding=\"async\" class=\"alignleft size-medium wp-image-14\" src=\"http:\/\/clinicajorgejaber.com.br\/espanhol\/wp-content\/uploads\/2022\/09\/sergio_site.png\" alt=\"\" width=\"200\" height=\"300\" \/> <img loading=\"lazy\" decoding=\"async\" class=\"alignleft size-medium wp-image-16\" src=\"http:\/\/clinicajorgejaber.com.br\/espanhol\/wp-content\/uploads\/2022\/09\/thiago_site.png\" alt=\"\" width=\"200\" height=\"300\" \/><\/p>\n","protected":false},"excerpt":{"rendered":"<p>M\u00e9dico Jorge Jaber Director General Psiquiatra, graduado en Medicina por la Universidad del Estado de Rio de Janeiro (UERJ) con MBA en Medicina por la Funda\u00e7\u00e3o Get\u00falio Vargas. Director T\u00e9cnico de la Cl\u00ednica Jorge Jaber, Miembro Fundador y Asociado de<\/p>\n","protected":false},"author":1,"featured_media":0,"parent":0,"menu_order":0,"comment_status":"closed","ping_status":"closed","template":"","meta":{"footnotes":""},"class_list":["post-7","page","type-page","status-publish","hentry"],"_links":{"self":[{"href":"https:\/\/clinicajorgejaber.com.br\/espanhol\/wp-json\/wp\/v2\/pages\/7","targetHints":{"allow":["GET"]}}],"collection":[{"href":"https:\/\/clinicajorgejaber.com.br\/espanhol\/wp-json\/wp\/v2\/pages"}],"about":[{"href":"https:\/\/clinicajorgejaber.com.br\/espanhol\/wp-json\/wp\/v2\/types\/page"}],"author":[{"embeddable":true,"href":"https:\/\/clinicajorgejaber.com.br\/espanhol\/wp-json\/wp\/v2\/users\/1"}],"replies":[{"embeddable":true,"href":"https:\/\/clinicajorgejaber.com.br\/espanhol\/wp-json\/wp\/v2\/comments?post=7"}],"version-history":[{"count":2,"href":"https:\/\/clinicajorgejaber.com.br\/espanhol\/wp-json\/wp\/v2\/pages\/7\/revisions"}],"predecessor-version":[{"id":118,"href":"https:\/\/clinicajorgejaber.com.br\/espanhol\/wp-json\/wp\/v2\/pages\/7\/revisions\/118"}],"wp:attachment":[{"href":"https:\/\/clinicajorgejaber.com.br\/espanhol\/wp-json\/wp\/v2\/media?parent=7"}],"curies":[{"name":"wp","href":"https:\/\/api.w.org\/{rel}","templated":true}]}}