{"id":17,"date":"2015-04-22T13:23:20","date_gmt":"2015-04-22T16:23:20","guid":{"rendered":"http:\/\/clinicajorgejaber.com.br\/novo\/?page_id=17"},"modified":"2024-07-24T17:21:08","modified_gmt":"2024-07-24T20:21:08","slug":"tratamentos-e-servicos","status":"publish","type":"page","link":"https:\/\/clinicajorgejaber.com.br\/novo\/a-clinica\/tratamentos-e-servicos\/","title":{"rendered":"Tratamentos e servi\u00e7os"},"content":{"rendered":"<p><strong>TRATAMENTOS<\/strong><\/p>\n<p><strong>1) Depend\u00eancia Qu\u00edmica <\/strong>tratamento de pessoas que fazem uso abusivo de subst\u00e2ncias qu\u00edmicas (\u00e1lcool, coca\u00edna, maconha, ecstasy, crack etc.), levando o indiv\u00edduo a sofrer preju\u00edzos e sofrimento em sua vida. Tratamento de depend\u00eancia ao tabaco (terapia de grupo, uso de adesivos, chicletes e medicamentos).<\/p>\n<p><strong>2) Tabagismo <\/strong>O tabagismo \u00e9 uma doen\u00e7a cr\u00f4nica e respons\u00e1vel pelo maior n\u00famero de mortes desnecess\u00e1rias no mundo, segundo dados da Organiza\u00e7\u00e3o Mundial de Sa\u00fade. No entanto, pode ser tratada com efic\u00e1cia. Oferecemos as t\u00e9cnicas mais modernas de tratamento para dependentes ao tabaco, por meio do envolvimento de uma equipe multidisciplinar de especialistas no assunto. A interven\u00e7\u00e3o coordenada de uma equipe de m\u00e9dicos, psic\u00f3logos, conselheiros, grupos de auto-ajuda e familiares atinge excelentes resultados, como comprova nossa experi\u00eancia cl\u00ednica de mais de 20 anos no tratamento deste problema. S\u00e3o realizadas atividades terap\u00eauticas como o grupo de tabagismo, que se re\u00fane duas vezes na semana, durante uma hora, com o objetivo de conscientizar o paciente na mudan\u00e7a de seu estilo de vida, mostrando os malef\u00edcios do cigarro e a import\u00e2ncia de que ele continue sem fumar ap\u00f3s a alta.<\/p>\n<p><strong>3) Comorbidade <\/strong>tratamento de pessoas que apresentam duas ou mais patologias simultaneamente, tais como transtornos mentais e comportamentais decorrentes do uso abusivo de subst\u00e2ncias qu\u00edmicas, associados a algum tipo de psicopatologia como esquizofrenia, depress\u00e3o, transtorno bipolar afetivo, entre outras doen\u00e7as psiqui\u00e1tricas.<\/p>\n<p><strong>4) Dist\u00farbios psiqui\u00e1tricos <\/strong>tratamento dos mais diversos dist\u00farbios psiqui\u00e1tricos como depress\u00e3o, fobias, ansiedade, transtorno obsessivo compulsivo (TOC), esquizofrenia etc.<\/p>\n<p><strong>5) Dist\u00farbios alimentares <\/strong>A Cl\u00ednica Jorge Jaber proporciona tamb\u00e9m tratamento para pessoas que apresentam problemas relacionados \u00e0 obesidade (terapia de grupo, dieta balanceada orientada por nutricionista) e pessoas que apresentam quadro de anorexia ou bulimia.<\/p>\n<p><strong>SERVI\u00c7OS<\/strong><\/p>\n<p><strong>1) Interna\u00e7\u00f5es (24h)<\/strong>\u00a0A Cl\u00ednica oferece instala\u00e7\u00f5es adequadas para hospedar o paciente enquanto ele estiver internado para tratamento. Refei\u00e7\u00f5es fartas, equilibradas e saborosas; ambiente com grande \u00e1rea ao ar livre, piscina e quadra, para atividades f\u00edsicas; e terapia individual e em grupo s\u00e3o oferecidos por uma equipe multidisciplinar ao paciente para que ele se recupere no menor tempo poss\u00edvel e conquiste mais autonomia.<\/p>\n<p><strong>2) Hospital-dia<\/strong> Utilizado por pacientes em p\u00f3s-tratamento. Diariamente, eles realizam as atividades terap\u00eauticas regulares da cl\u00ednica com caf\u00e9 da manh\u00e3, lanche e almo\u00e7o.<\/p>\n<p><strong>3) Grupo de Valoriza\u00e7\u00e3o da Vida<\/strong> Formado por pacientes que tentaram suic\u00eddio. Diariamente, por uma hora, eles se re\u00fanem com integrantes da equipe multidisciplinar e falam sobre sentimento, espiritualismo, motiva\u00e7\u00e3o, de forma intensiva para que haja maior ades\u00e3o ao tratamento.<\/p>\n<p>A Cl\u00ednica Jorge Jaber oferece atendimento a pacientes psiqui\u00e1tricos e dependentes qu\u00edmicos, nos mais diversos quadros e est\u00e1gios &#8211; estado agudo, grave e cr\u00f4nico, por meio de atendimento individual, terapia de grupo, terapia familiar, tratamento ambulatorial, regime de hospital-dia, e interna\u00e7\u00e3o (inclusive involunt\u00e1ria).<\/p>\n","protected":false},"excerpt":{"rendered":"<p>TRATAMENTOS 1) Depend\u00eancia Qu\u00edmica tratamento de pessoas que fazem uso abusivo de subst\u00e2ncias qu\u00edmicas (\u00e1lcool, coca\u00edna, maconha, ecstasy, crack etc.), levando o indiv\u00edduo a sofrer preju\u00edzos e sofrimento em sua vida. Tratamento de depend\u00eancia ao tabaco (terapia de grupo, uso<\/p>\n","protected":false},"author":1,"featured_media":0,"parent":15,"menu_order":0,"comment_status":"closed","ping_status":"closed","template":"","meta":{"footnotes":""},"class_list":["post-17","page","type-page","status-publish","hentry"],"yoast_head":"<!-- This site is optimized with the Yoast SEO plugin v27.4 - https:\/\/yoast.com\/product\/yoast-seo-wordpress\/ -->\n<title>Tratamentos e servi\u00e7os - Cl\u00ednica Jorge Jaber<\/title>\n<meta name=\"robots\" content=\"index, follow, max-snippet:-1, max-image-preview:large, max-video-preview:-1\" \/>\n<link rel=\"canonical\" href=\"https:\/\/clinicajorgejaber.com.br\/novo\/a-clinica\/tratamentos-e-servicos\/\" \/>\n<meta property=\"og:locale\" content=\"pt_BR\" \/>\n<meta property=\"og:type\" content=\"article\" \/>\n<meta property=\"og:title\" content=\"Tratamentos e servi\u00e7os - Cl\u00ednica Jorge Jaber\" \/>\n<meta property=\"og:description\" content=\"TRATAMENTOS 1) Depend\u00eancia Qu\u00edmica tratamento de pessoas que fazem uso abusivo de subst\u00e2ncias qu\u00edmicas (\u00e1lcool, coca\u00edna, maconha, ecstasy, crack etc.), levando o indiv\u00edduo a sofrer preju\u00edzos e sofrimento em sua vida. Tratamento de depend\u00eancia ao tabaco (terapia de grupo, uso\" \/>\n<meta property=\"og:url\" content=\"https:\/\/clinicajorgejaber.com.br\/novo\/a-clinica\/tratamentos-e-servicos\/\" \/>\n<meta property=\"og:site_name\" content=\"Cl\u00ednica Jorge Jaber\" \/>\n<meta property=\"article:modified_time\" content=\"2024-07-24T20:21:08+00:00\" \/>\n<meta name=\"twitter:card\" content=\"summary_large_image\" \/>\n<meta name=\"twitter:label1\" content=\"Est. tempo de leitura\" \/>\n\t<meta name=\"twitter:data1\" content=\"3 minutos\" \/>\n<script type=\"application\/ld+json\" class=\"yoast-schema-graph\">{\"@context\":\"https:\\\/\\\/schema.org\",\"@graph\":[{\"@type\":\"WebPage\",\"@id\":\"https:\\\/\\\/clinicajorgejaber.com.br\\\/novo\\\/a-clinica\\\/tratamentos-e-servicos\\\/\",\"url\":\"https:\\\/\\\/clinicajorgejaber.com.br\\\/novo\\\/a-clinica\\\/tratamentos-e-servicos\\\/\",\"name\":\"Tratamentos e servi\u00e7os - Cl\u00ednica Jorge Jaber\",\"isPartOf\":{\"@id\":\"https:\\\/\\\/clinicajorgejaber.com.br\\\/novo\\\/#website\"},\"datePublished\":\"2015-04-22T16:23:20+00:00\",\"dateModified\":\"2024-07-24T20:21:08+00:00\",\"breadcrumb\":{\"@id\":\"https:\\\/\\\/clinicajorgejaber.com.br\\\/novo\\\/a-clinica\\\/tratamentos-e-servicos\\\/#breadcrumb\"},\"inLanguage\":\"pt-BR\",\"potentialAction\":[{\"@type\":\"ReadAction\",\"target\":[\"https:\\\/\\\/clinicajorgejaber.com.br\\\/novo\\\/a-clinica\\\/tratamentos-e-servicos\\\/\"]}]},{\"@type\":\"BreadcrumbList\",\"@id\":\"https:\\\/\\\/clinicajorgejaber.com.br\\\/novo\\\/a-clinica\\\/tratamentos-e-servicos\\\/#breadcrumb\",\"itemListElement\":[{\"@type\":\"ListItem\",\"position\":1,\"name\":\"In\u00edcio\",\"item\":\"https:\\\/\\\/clinicajorgejaber.com.br\\\/novo\\\/\"},{\"@type\":\"ListItem\",\"position\":2,\"name\":\"A Cl\u00ednica Jorge Jaber\",\"item\":\"https:\\\/\\\/clinicajorgejaber.com.br\\\/novo\\\/a-clinica\\\/\"},{\"@type\":\"ListItem\",\"position\":3,\"name\":\"Tratamentos e servi\u00e7os\"}]},{\"@type\":\"WebSite\",\"@id\":\"https:\\\/\\\/clinicajorgejaber.com.br\\\/novo\\\/#website\",\"url\":\"https:\\\/\\\/clinicajorgejaber.com.br\\\/novo\\\/\",\"name\":\"Cl\u00ednica Jorge Jaber\",\"description\":\"A Cl\u00ednica Jorge Jaber, filiada \u00e0 World Federation for Mental Health (WFMH), atua na preven\u00e7\u00e3o e tratamento da sa\u00fade mental\",\"publisher\":{\"@id\":\"https:\\\/\\\/clinicajorgejaber.com.br\\\/novo\\\/#organization\"},\"potentialAction\":[{\"@type\":\"SearchAction\",\"target\":{\"@type\":\"EntryPoint\",\"urlTemplate\":\"https:\\\/\\\/clinicajorgejaber.com.br\\\/novo\\\/?s={search_term_string}\"},\"query-input\":{\"@type\":\"PropertyValueSpecification\",\"valueRequired\":true,\"valueName\":\"search_term_string\"}}],\"inLanguage\":\"pt-BR\"},{\"@type\":\"Organization\",\"@id\":\"https:\\\/\\\/clinicajorgejaber.com.br\\\/novo\\\/#organization\",\"name\":\"Cl\u00ednica Jorge Jaber\",\"url\":\"https:\\\/\\\/clinicajorgejaber.com.br\\\/novo\\\/\",\"logo\":{\"@type\":\"ImageObject\",\"inLanguage\":\"pt-BR\",\"@id\":\"https:\\\/\\\/clinicajorgejaber.com.br\\\/novo\\\/#\\\/schema\\\/logo\\\/image\\\/\",\"url\":\"https:\\\/\\\/clinicajorgejaber.com.br\\\/novo\\\/wp-content\\\/uploads\\\/2017\\\/04\\\/logo_nova_site.png\",\"contentUrl\":\"https:\\\/\\\/clinicajorgejaber.com.br\\\/novo\\\/wp-content\\\/uploads\\\/2017\\\/04\\\/logo_nova_site.png\",\"width\":283,\"height\":100,\"caption\":\"Cl\u00ednica Jorge Jaber\"},\"image\":{\"@id\":\"https:\\\/\\\/clinicajorgejaber.com.br\\\/novo\\\/#\\\/schema\\\/logo\\\/image\\\/\"}}]}<\/script>\n<!-- \/ Yoast SEO plugin. -->","yoast_head_json":{"title":"Tratamentos e servi\u00e7os - Cl\u00ednica Jorge Jaber","robots":{"index":"index","follow":"follow","max-snippet":"max-snippet:-1","max-image-preview":"max-image-preview:large","max-video-preview":"max-video-preview:-1"},"canonical":"https:\/\/clinicajorgejaber.com.br\/novo\/a-clinica\/tratamentos-e-servicos\/","og_locale":"pt_BR","og_type":"article","og_title":"Tratamentos e servi\u00e7os - Cl\u00ednica Jorge Jaber","og_description":"TRATAMENTOS 1) Depend\u00eancia Qu\u00edmica tratamento de pessoas que fazem uso abusivo de subst\u00e2ncias qu\u00edmicas (\u00e1lcool, coca\u00edna, maconha, ecstasy, crack etc.), levando o indiv\u00edduo a sofrer preju\u00edzos e sofrimento em sua vida. Tratamento de depend\u00eancia ao tabaco (terapia de grupo, uso","og_url":"https:\/\/clinicajorgejaber.com.br\/novo\/a-clinica\/tratamentos-e-servicos\/","og_site_name":"Cl\u00ednica Jorge Jaber","article_modified_time":"2024-07-24T20:21:08+00:00","twitter_card":"summary_large_image","twitter_misc":{"Est. tempo de leitura":"3 minutos"},"schema":{"@context":"https:\/\/schema.org","@graph":[{"@type":"WebPage","@id":"https:\/\/clinicajorgejaber.com.br\/novo\/a-clinica\/tratamentos-e-servicos\/","url":"https:\/\/clinicajorgejaber.com.br\/novo\/a-clinica\/tratamentos-e-servicos\/","name":"Tratamentos e servi\u00e7os - Cl\u00ednica Jorge Jaber","isPartOf":{"@id":"https:\/\/clinicajorgejaber.com.br\/novo\/#website"},"datePublished":"2015-04-22T16:23:20+00:00","dateModified":"2024-07-24T20:21:08+00:00","breadcrumb":{"@id":"https:\/\/clinicajorgejaber.com.br\/novo\/a-clinica\/tratamentos-e-servicos\/#breadcrumb"},"inLanguage":"pt-BR","potentialAction":[{"@type":"ReadAction","target":["https:\/\/clinicajorgejaber.com.br\/novo\/a-clinica\/tratamentos-e-servicos\/"]}]},{"@type":"BreadcrumbList","@id":"https:\/\/clinicajorgejaber.com.br\/novo\/a-clinica\/tratamentos-e-servicos\/#breadcrumb","itemListElement":[{"@type":"ListItem","position":1,"name":"In\u00edcio","item":"https:\/\/clinicajorgejaber.com.br\/novo\/"},{"@type":"ListItem","position":2,"name":"A Cl\u00ednica Jorge Jaber","item":"https:\/\/clinicajorgejaber.com.br\/novo\/a-clinica\/"},{"@type":"ListItem","position":3,"name":"Tratamentos e servi\u00e7os"}]},{"@type":"WebSite","@id":"https:\/\/clinicajorgejaber.com.br\/novo\/#website","url":"https:\/\/clinicajorgejaber.com.br\/novo\/","name":"Cl\u00ednica Jorge Jaber","description":"A Cl\u00ednica Jorge Jaber, filiada \u00e0 World Federation for Mental Health (WFMH), atua na preven\u00e7\u00e3o e tratamento da sa\u00fade mental","publisher":{"@id":"https:\/\/clinicajorgejaber.com.br\/novo\/#organization"},"potentialAction":[{"@type":"SearchAction","target":{"@type":"EntryPoint","urlTemplate":"https:\/\/clinicajorgejaber.com.br\/novo\/?s={search_term_string}"},"query-input":{"@type":"PropertyValueSpecification","valueRequired":true,"valueName":"search_term_string"}}],"inLanguage":"pt-BR"},{"@type":"Organization","@id":"https:\/\/clinicajorgejaber.com.br\/novo\/#organization","name":"Cl\u00ednica Jorge Jaber","url":"https:\/\/clinicajorgejaber.com.br\/novo\/","logo":{"@type":"ImageObject","inLanguage":"pt-BR","@id":"https:\/\/clinicajorgejaber.com.br\/novo\/#\/schema\/logo\/image\/","url":"https:\/\/clinicajorgejaber.com.br\/novo\/wp-content\/uploads\/2017\/04\/logo_nova_site.png","contentUrl":"https:\/\/clinicajorgejaber.com.br\/novo\/wp-content\/uploads\/2017\/04\/logo_nova_site.png","width":283,"height":100,"caption":"Cl\u00ednica Jorge Jaber"},"image":{"@id":"https:\/\/clinicajorgejaber.com.br\/novo\/#\/schema\/logo\/image\/"}}]}},"_links":{"self":[{"href":"https:\/\/clinicajorgejaber.com.br\/novo\/wp-json\/wp\/v2\/pages\/17","targetHints":{"allow":["GET"]}}],"collection":[{"href":"https:\/\/clinicajorgejaber.com.br\/novo\/wp-json\/wp\/v2\/pages"}],"about":[{"href":"https:\/\/clinicajorgejaber.com.br\/novo\/wp-json\/wp\/v2\/types\/page"}],"author":[{"embeddable":true,"href":"https:\/\/clinicajorgejaber.com.br\/novo\/wp-json\/wp\/v2\/users\/1"}],"replies":[{"embeddable":true,"href":"https:\/\/clinicajorgejaber.com.br\/novo\/wp-json\/wp\/v2\/comments?post=17"}],"version-history":[{"count":7,"href":"https:\/\/clinicajorgejaber.com.br\/novo\/wp-json\/wp\/v2\/pages\/17\/revisions"}],"predecessor-version":[{"id":6529,"href":"https:\/\/clinicajorgejaber.com.br\/novo\/wp-json\/wp\/v2\/pages\/17\/revisions\/6529"}],"up":[{"embeddable":true,"href":"https:\/\/clinicajorgejaber.com.br\/novo\/wp-json\/wp\/v2\/pages\/15"}],"wp:attachment":[{"href":"https:\/\/clinicajorgejaber.com.br\/novo\/wp-json\/wp\/v2\/media?parent=17"}],"curies":[{"name":"wp","href":"https:\/\/api.w.org\/{rel}","templated":true}]}}