{"id":172,"date":"2017-04-07T11:15:57","date_gmt":"2017-04-07T14:15:57","guid":{"rendered":"http:\/\/clinicajorgejaber.com.br\/novo\/?page_id=172"},"modified":"2025-10-07T14:52:55","modified_gmt":"2025-10-07T17:52:55","slug":"formas-de-pagamento","status":"publish","type":"page","link":"https:\/\/clinicajorgejaber.com.br\/novo\/a-clinica\/formas-de-pagamento\/","title":{"rendered":"Formas de pagamento"},"content":{"rendered":"<p><strong>PARTICULAR<\/strong><\/p>\n<p>Por favor, ligue para (21) 2442-4354, 2442-2583 ou 2442-2230.<\/p>\n<p>Ou WhatsApp<\/p>\n<p><a href=\"http:\/\/api.whatsapp.com\/send?1=pt_BR&amp;phone=5521991073875\">(21) 99107-3875<\/a><\/p>\n<p><strong>CONV\u00caNIOS<\/strong><\/p>\n<p>Informamos que no momento n\u00e3o estamos atendendo Unimed e Cemeru<\/p>\n<ul>\n<li>Amafrerj<\/li>\n<li>Amil<\/li>\n<li>Bradesco Sa\u00fade<\/li>\n<li>Cac \u2013 Cedae<\/li>\n<li>Cassi<\/li>\n<li>Eletros-Sa\u00fade<\/li>\n<li>Embratel | Pame<\/li>\n<li>Sompo Sa\u00fade<\/li>\n<li>Mediservice<\/li>\n<li>Notredame<\/li>\n<li>Petrobr\u00e1s<\/li>\n<li>Sa\u00fade Caixa<\/li>\n<li>SulAm\u00e9rica<\/li>\n<li>Unafisco<\/li>\n<li>Vale<\/li>\n<\/ul>\n","protected":false},"excerpt":{"rendered":"<p>PARTICULAR Por favor, ligue para (21) 2442-4354, 2442-2583 ou 2442-2230. Ou WhatsApp (21) 99107-3875 CONV\u00caNIOS Informamos que no momento n\u00e3o estamos atendendo Unimed e Cemeru Amafrerj Amil Bradesco Sa\u00fade Cac \u2013 Cedae Cassi Eletros-Sa\u00fade Embratel | Pame Sompo Sa\u00fade Mediservice<\/p>\n","protected":false},"author":1,"featured_media":0,"parent":15,"menu_order":0,"comment_status":"closed","ping_status":"closed","template":"","meta":{"footnotes":""},"class_list":["post-172","page","type-page","status-publish","hentry"],"yoast_head":"<!-- This site is optimized with the Yoast SEO plugin v27.4 - https:\/\/yoast.com\/product\/yoast-seo-wordpress\/ -->\n<title>Formas de pagamento - Cl\u00ednica Jorge Jaber<\/title>\n<meta name=\"robots\" content=\"index, follow, max-snippet:-1, max-image-preview:large, max-video-preview:-1\" \/>\n<link rel=\"canonical\" href=\"https:\/\/clinicajorgejaber.com.br\/novo\/a-clinica\/formas-de-pagamento\/\" \/>\n<meta property=\"og:locale\" content=\"pt_BR\" \/>\n<meta property=\"og:type\" content=\"article\" \/>\n<meta property=\"og:title\" content=\"Formas de pagamento - Cl\u00ednica Jorge Jaber\" \/>\n<meta property=\"og:description\" content=\"PARTICULAR Por favor, ligue para (21) 2442-4354, 2442-2583 ou 2442-2230. Ou WhatsApp (21) 99107-3875 CONV\u00caNIOS Informamos que no momento n\u00e3o estamos atendendo Unimed e Cemeru Amafrerj Amil Bradesco Sa\u00fade Cac \u2013 Cedae Cassi Eletros-Sa\u00fade Embratel | Pame Sompo Sa\u00fade Mediservice\" \/>\n<meta property=\"og:url\" content=\"https:\/\/clinicajorgejaber.com.br\/novo\/a-clinica\/formas-de-pagamento\/\" \/>\n<meta property=\"og:site_name\" content=\"Cl\u00ednica Jorge Jaber\" \/>\n<meta property=\"article:modified_time\" content=\"2025-10-07T17:52:55+00:00\" \/>\n<meta name=\"twitter:card\" content=\"summary_large_image\" \/>\n<meta name=\"twitter:label1\" content=\"Est. tempo de leitura\" \/>\n\t<meta name=\"twitter:data1\" content=\"1 minuto\" \/>\n<script type=\"application\/ld+json\" class=\"yoast-schema-graph\">{\"@context\":\"https:\\\/\\\/schema.org\",\"@graph\":[{\"@type\":\"WebPage\",\"@id\":\"https:\\\/\\\/clinicajorgejaber.com.br\\\/novo\\\/a-clinica\\\/formas-de-pagamento\\\/\",\"url\":\"https:\\\/\\\/clinicajorgejaber.com.br\\\/novo\\\/a-clinica\\\/formas-de-pagamento\\\/\",\"name\":\"Formas de pagamento - Cl\u00ednica Jorge Jaber\",\"isPartOf\":{\"@id\":\"https:\\\/\\\/clinicajorgejaber.com.br\\\/novo\\\/#website\"},\"datePublished\":\"2017-04-07T14:15:57+00:00\",\"dateModified\":\"2025-10-07T17:52:55+00:00\",\"breadcrumb\":{\"@id\":\"https:\\\/\\\/clinicajorgejaber.com.br\\\/novo\\\/a-clinica\\\/formas-de-pagamento\\\/#breadcrumb\"},\"inLanguage\":\"pt-BR\",\"potentialAction\":[{\"@type\":\"ReadAction\",\"target\":[\"https:\\\/\\\/clinicajorgejaber.com.br\\\/novo\\\/a-clinica\\\/formas-de-pagamento\\\/\"]}]},{\"@type\":\"BreadcrumbList\",\"@id\":\"https:\\\/\\\/clinicajorgejaber.com.br\\\/novo\\\/a-clinica\\\/formas-de-pagamento\\\/#breadcrumb\",\"itemListElement\":[{\"@type\":\"ListItem\",\"position\":1,\"name\":\"In\u00edcio\",\"item\":\"https:\\\/\\\/clinicajorgejaber.com.br\\\/novo\\\/\"},{\"@type\":\"ListItem\",\"position\":2,\"name\":\"A Cl\u00ednica Jorge Jaber\",\"item\":\"https:\\\/\\\/clinicajorgejaber.com.br\\\/novo\\\/a-clinica\\\/\"},{\"@type\":\"ListItem\",\"position\":3,\"name\":\"Formas de pagamento\"}]},{\"@type\":\"WebSite\",\"@id\":\"https:\\\/\\\/clinicajorgejaber.com.br\\\/novo\\\/#website\",\"url\":\"https:\\\/\\\/clinicajorgejaber.com.br\\\/novo\\\/\",\"name\":\"Cl\u00ednica Jorge Jaber\",\"description\":\"A Cl\u00ednica Jorge Jaber, filiada \u00e0 World Federation for Mental Health (WFMH), atua na preven\u00e7\u00e3o e tratamento da sa\u00fade mental\",\"publisher\":{\"@id\":\"https:\\\/\\\/clinicajorgejaber.com.br\\\/novo\\\/#organization\"},\"potentialAction\":[{\"@type\":\"SearchAction\",\"target\":{\"@type\":\"EntryPoint\",\"urlTemplate\":\"https:\\\/\\\/clinicajorgejaber.com.br\\\/novo\\\/?s={search_term_string}\"},\"query-input\":{\"@type\":\"PropertyValueSpecification\",\"valueRequired\":true,\"valueName\":\"search_term_string\"}}],\"inLanguage\":\"pt-BR\"},{\"@type\":\"Organization\",\"@id\":\"https:\\\/\\\/clinicajorgejaber.com.br\\\/novo\\\/#organization\",\"name\":\"Cl\u00ednica Jorge Jaber\",\"url\":\"https:\\\/\\\/clinicajorgejaber.com.br\\\/novo\\\/\",\"logo\":{\"@type\":\"ImageObject\",\"inLanguage\":\"pt-BR\",\"@id\":\"https:\\\/\\\/clinicajorgejaber.com.br\\\/novo\\\/#\\\/schema\\\/logo\\\/image\\\/\",\"url\":\"https:\\\/\\\/clinicajorgejaber.com.br\\\/novo\\\/wp-content\\\/uploads\\\/2017\\\/04\\\/logo_nova_site.png\",\"contentUrl\":\"https:\\\/\\\/clinicajorgejaber.com.br\\\/novo\\\/wp-content\\\/uploads\\\/2017\\\/04\\\/logo_nova_site.png\",\"width\":283,\"height\":100,\"caption\":\"Cl\u00ednica Jorge Jaber\"},\"image\":{\"@id\":\"https:\\\/\\\/clinicajorgejaber.com.br\\\/novo\\\/#\\\/schema\\\/logo\\\/image\\\/\"}}]}<\/script>\n<!-- \/ Yoast SEO plugin. -->","yoast_head_json":{"title":"Formas de pagamento - Cl\u00ednica Jorge Jaber","robots":{"index":"index","follow":"follow","max-snippet":"max-snippet:-1","max-image-preview":"max-image-preview:large","max-video-preview":"max-video-preview:-1"},"canonical":"https:\/\/clinicajorgejaber.com.br\/novo\/a-clinica\/formas-de-pagamento\/","og_locale":"pt_BR","og_type":"article","og_title":"Formas de pagamento - Cl\u00ednica Jorge Jaber","og_description":"PARTICULAR Por favor, ligue para (21) 2442-4354, 2442-2583 ou 2442-2230. Ou WhatsApp (21) 99107-3875 CONV\u00caNIOS Informamos que no momento n\u00e3o estamos atendendo Unimed e Cemeru Amafrerj Amil Bradesco Sa\u00fade Cac \u2013 Cedae Cassi Eletros-Sa\u00fade Embratel | Pame Sompo Sa\u00fade Mediservice","og_url":"https:\/\/clinicajorgejaber.com.br\/novo\/a-clinica\/formas-de-pagamento\/","og_site_name":"Cl\u00ednica Jorge Jaber","article_modified_time":"2025-10-07T17:52:55+00:00","twitter_card":"summary_large_image","twitter_misc":{"Est. tempo de leitura":"1 minuto"},"schema":{"@context":"https:\/\/schema.org","@graph":[{"@type":"WebPage","@id":"https:\/\/clinicajorgejaber.com.br\/novo\/a-clinica\/formas-de-pagamento\/","url":"https:\/\/clinicajorgejaber.com.br\/novo\/a-clinica\/formas-de-pagamento\/","name":"Formas de pagamento - Cl\u00ednica Jorge Jaber","isPartOf":{"@id":"https:\/\/clinicajorgejaber.com.br\/novo\/#website"},"datePublished":"2017-04-07T14:15:57+00:00","dateModified":"2025-10-07T17:52:55+00:00","breadcrumb":{"@id":"https:\/\/clinicajorgejaber.com.br\/novo\/a-clinica\/formas-de-pagamento\/#breadcrumb"},"inLanguage":"pt-BR","potentialAction":[{"@type":"ReadAction","target":["https:\/\/clinicajorgejaber.com.br\/novo\/a-clinica\/formas-de-pagamento\/"]}]},{"@type":"BreadcrumbList","@id":"https:\/\/clinicajorgejaber.com.br\/novo\/a-clinica\/formas-de-pagamento\/#breadcrumb","itemListElement":[{"@type":"ListItem","position":1,"name":"In\u00edcio","item":"https:\/\/clinicajorgejaber.com.br\/novo\/"},{"@type":"ListItem","position":2,"name":"A Cl\u00ednica Jorge Jaber","item":"https:\/\/clinicajorgejaber.com.br\/novo\/a-clinica\/"},{"@type":"ListItem","position":3,"name":"Formas de pagamento"}]},{"@type":"WebSite","@id":"https:\/\/clinicajorgejaber.com.br\/novo\/#website","url":"https:\/\/clinicajorgejaber.com.br\/novo\/","name":"Cl\u00ednica Jorge Jaber","description":"A Cl\u00ednica Jorge Jaber, filiada \u00e0 World Federation for Mental Health (WFMH), atua na preven\u00e7\u00e3o e tratamento da sa\u00fade mental","publisher":{"@id":"https:\/\/clinicajorgejaber.com.br\/novo\/#organization"},"potentialAction":[{"@type":"SearchAction","target":{"@type":"EntryPoint","urlTemplate":"https:\/\/clinicajorgejaber.com.br\/novo\/?s={search_term_string}"},"query-input":{"@type":"PropertyValueSpecification","valueRequired":true,"valueName":"search_term_string"}}],"inLanguage":"pt-BR"},{"@type":"Organization","@id":"https:\/\/clinicajorgejaber.com.br\/novo\/#organization","name":"Cl\u00ednica Jorge Jaber","url":"https:\/\/clinicajorgejaber.com.br\/novo\/","logo":{"@type":"ImageObject","inLanguage":"pt-BR","@id":"https:\/\/clinicajorgejaber.com.br\/novo\/#\/schema\/logo\/image\/","url":"https:\/\/clinicajorgejaber.com.br\/novo\/wp-content\/uploads\/2017\/04\/logo_nova_site.png","contentUrl":"https:\/\/clinicajorgejaber.com.br\/novo\/wp-content\/uploads\/2017\/04\/logo_nova_site.png","width":283,"height":100,"caption":"Cl\u00ednica Jorge Jaber"},"image":{"@id":"https:\/\/clinicajorgejaber.com.br\/novo\/#\/schema\/logo\/image\/"}}]}},"_links":{"self":[{"href":"https:\/\/clinicajorgejaber.com.br\/novo\/wp-json\/wp\/v2\/pages\/172","targetHints":{"allow":["GET"]}}],"collection":[{"href":"https:\/\/clinicajorgejaber.com.br\/novo\/wp-json\/wp\/v2\/pages"}],"about":[{"href":"https:\/\/clinicajorgejaber.com.br\/novo\/wp-json\/wp\/v2\/types\/page"}],"author":[{"embeddable":true,"href":"https:\/\/clinicajorgejaber.com.br\/novo\/wp-json\/wp\/v2\/users\/1"}],"replies":[{"embeddable":true,"href":"https:\/\/clinicajorgejaber.com.br\/novo\/wp-json\/wp\/v2\/comments?post=172"}],"version-history":[{"count":18,"href":"https:\/\/clinicajorgejaber.com.br\/novo\/wp-json\/wp\/v2\/pages\/172\/revisions"}],"predecessor-version":[{"id":7303,"href":"https:\/\/clinicajorgejaber.com.br\/novo\/wp-json\/wp\/v2\/pages\/172\/revisions\/7303"}],"up":[{"embeddable":true,"href":"https:\/\/clinicajorgejaber.com.br\/novo\/wp-json\/wp\/v2\/pages\/15"}],"wp:attachment":[{"href":"https:\/\/clinicajorgejaber.com.br\/novo\/wp-json\/wp\/v2\/media?parent=172"}],"curies":[{"name":"wp","href":"https:\/\/api.w.org\/{rel}","templated":true}]}}