{"id":7136,"date":"2025-07-18T18:46:13","date_gmt":"2025-07-18T21:46:13","guid":{"rendered":"https:\/\/clinicajorgejaber.com.br\/novo\/?page_id=7136"},"modified":"2025-07-18T20:53:09","modified_gmt":"2025-07-18T23:53:09","slug":"trabalhos-academicos","status":"publish","type":"page","link":"https:\/\/clinicajorgejaber.com.br\/novo\/curso-de-formacao-de-terapeutas-2025\/trabalhos-academicos\/","title":{"rendered":"Trabalhos Acad\u00eamicos"},"content":{"rendered":"<ul>\n<li><a href=\"https:\/\/clinicajorgejaber.com.br\/novo\/wp-content\/uploads\/2025\/07\/Pedro-pazelli.pdf\" target=\"_blank\" rel=\"noopener\">Trabalho de conclus\u00e3o do primeiro m\u00f3dulo do Curso de Forma\u00e7\u00e3o de Terapeutas em depend\u00eancia qu\u00edmica 2025<\/a><br \/>\nPedro Pazelli<\/li>\n<li><a href=\"https:\/\/clinicajorgejaber.com.br\/novo\/wp-content\/uploads\/2025\/07\/Margareth-Miranda.pdf\" target=\"_blank\" rel=\"noopener\">S\u00edndrome de Abstin\u00eancia de Coca\u00edna e Crack<\/a><br \/>\nMargareth Miranda Rodrigues Vidal<\/li>\n<li><a href=\"https:\/\/clinicajorgejaber.com.br\/novo\/wp-content\/uploads\/2025\/07\/Lidiane_Mendonca_da_Costa.pdf\" target=\"_blank\" rel=\"noopener\">Trabalho de conclus\u00e3o do m\u00f3dulo 1 do Curso de Forma\u00e7\u00e3o de Terapeutas em Depend\u00eancia Qu\u00edmica Jorge Jaber<\/a><br \/>\nLidiane Mendon\u00e7a da Costa<\/li>\n<li>C<a href=\"https:\/\/clinicajorgejaber.com.br\/novo\/wp-content\/uploads\/2025\/07\/Pablo-Filadelfo.pdf\" target=\"_blank\" rel=\"noopener\">odepend\u00eancia e Tratamento Familiar<\/a><br \/>\nPablo Filadelfo Morais<\/li>\n<li><a href=\"https:\/\/clinicajorgejaber.com.br\/novo\/wp-content\/uploads\/2025\/07\/Marcelia-da-Silva-Baptista-Garcia.pdf\" target=\"_blank\" rel=\"noopener\">Transtorno Bipolar Afetivo<\/a><br \/>\nMarc\u00e9lia da Silva Baptista Garcia<\/li>\n<li><a href=\"https:\/\/clinicajorgejaber.com.br\/novo\/wp-content\/uploads\/2025\/07\/VANUZIA-SOUZA-NASCIMENTO.pdf\" target=\"_blank\" rel=\"noopener\">TRANSTORNO AFETIVO BIPOLAR<\/a><br \/>\nVANUZIA SOUZA NASCIMENTO<strong><br \/>\n<\/strong><\/li>\n<li><a href=\"https:\/\/clinicajorgejaber.com.br\/novo\/wp-content\/uploads\/2025\/07\/SANDRA-HELENA-DE-SOUZA-EUGENIO.pdf\" target=\"_blank\" rel=\"noopener\">COCA\u00cdNA E CRACK: IMPACTOS, EFEITOS E DESAFIOS SOCIAIS<\/a><br \/>\nSANDRA HELENA DE SOUZA EUGENIO<\/li>\n<li><a href=\"https:\/\/clinicajorgejaber.com.br\/novo\/wp-content\/uploads\/2025\/07\/Guilherme-Campagnani-Evangelho.pdf\" target=\"_blank\" rel=\"noopener\">Aula de anfetaminas e metanfetaminas<\/a><br \/>\nGuilherme Campagnani Evangelho<\/li>\n<li><a href=\"https:\/\/clinicajorgejaber.com.br\/novo\/wp-content\/uploads\/2025\/07\/Wanderson-Reis.pdf\" target=\"_blank\" rel=\"noopener\">O Uso de Drogas e \u00c1lcool na Adolesc\u00eancia: Causas, Consequ\u00eancias e Preven\u00e7\u00e3o<\/a><br \/>\nWanderson da Concei\u00e7\u00e3o Reis<\/li>\n<li><a href=\"https:\/\/clinicajorgejaber.com.br\/novo\/wp-content\/uploads\/2025\/07\/Gisele-Otavio.pdf\" target=\"_blank\" rel=\"noopener\">Exame do Estado Mental<\/a><br \/>\nGisele Ot\u00e1vio Dur\u00e3es Viana<\/li>\n<li><a href=\"https:\/\/clinicajorgejaber.com.br\/novo\/wp-content\/uploads\/2025\/07\/Robson-Paixao-Conceicao.pdf\" target=\"_blank\" rel=\"noopener\">ALCOOLISMO<\/a><br \/>\nRobson Paix\u00e3o Concei\u00e7\u00e3o<\/li>\n<li><a href=\"https:\/\/clinicajorgejaber.com.br\/novo\/wp-content\/uploads\/2025\/07\/Barbara-Rossi-Perenha-do-Amaral.pdf\" target=\"_blank\" rel=\"noopener\">A COCA\u00cdNA E O CRACK: HIST\u00d3RIA, EFEITOS, IMPACTO E TRATAMENTO<\/a><br \/>\nBarbara Rossi Perenha do Amaral<strong><br \/>\n<\/strong><\/li>\n<li><a href=\"https:\/\/clinicajorgejaber.com.br\/novo\/wp-content\/uploads\/2025\/07\/Anderson-Novaes-de-macedo.pdf\" target=\"_blank\" rel=\"noopener\">\u00c1lcool e drogas na adolesc\u00eancia<\/a><br \/>\nAnderson Novaes de macedo<\/li>\n<li><a href=\"https:\/\/clinicajorgejaber.com.br\/novo\/wp-content\/uploads\/2025\/07\/Erika-Shirakawa.pdf\" target=\"_blank\" rel=\"noopener\">ADOLESC\u00caNCIA E TRANSTORNOS POR USO DE \u00c1LCOOL E OUTRAS DROGAS<\/a><br \/>\nErika Shirakawa<\/li>\n<li><a href=\"https:\/\/clinicajorgejaber.com.br\/novo\/wp-content\/uploads\/2025\/07\/Waldemar-Tranqueira-da-Silva-MODULO-I-2025.pdf\" target=\"_blank\" rel=\"noopener\">ANFETAMINAS E METANFETAMINAS<\/a><br \/>\nWALDEMAR TRANQUEIRA DA SILVA J\u00daNIOR<\/li>\n<li><a href=\"https:\/\/clinicajorgejaber.com.br\/novo\/wp-content\/uploads\/2025\/07\/Trabalho-modulo-1-Curso-Jorge-Jaber-Larissa-Pieroni.pdf\" target=\"_blank\" rel=\"noopener\">Adolesc\u00eancia e Transtornos por Uso de \u00c1lcool e Outras Drogas<\/a><br \/>\nLarissa Pieroni Machado de Matos<\/li>\n<li><a href=\"https:\/\/clinicajorgejaber.com.br\/novo\/wp-content\/uploads\/2025\/07\/Luciana-Matias-Machado-de-Carvalho.pdf\" target=\"_blank\" rel=\"noopener\">Depend\u00eancia Qu\u00edmica: Compreens\u00e3o, avalia\u00e7\u00e3o e abordagens terap\u00eauticas<\/a><br \/>\nLuciana Matias Machado de Carvalho<\/li>\n<li><a href=\"https:\/\/clinicajorgejaber.com.br\/novo\/wp-content\/uploads\/2025\/07\/Fernando-Oliveira.pdf\" target=\"_blank\" rel=\"noopener\">Transtorno Afetivo Bipolar<\/a><br \/>\nFernando Silva de Oliveira<\/li>\n<li><a href=\"https:\/\/clinicajorgejaber.com.br\/novo\/wp-content\/uploads\/2025\/07\/Dario-Augusto.pdf\" target=\"_blank\" rel=\"noopener\">\u00c1LCOOL X ADOLESC\u00caNCIA<\/a><br \/>\nDARIO AUGUSTO DIAS SOBRAL JUNIOR<\/li>\n<\/ul>\n","protected":false},"excerpt":{"rendered":"<p>Trabalho de conclus\u00e3o do primeiro m\u00f3dulo do Curso de Forma\u00e7\u00e3o de Terapeutas em depend\u00eancia qu\u00edmica 2025 Pedro Pazelli S\u00edndrome de Abstin\u00eancia de Coca\u00edna e Crack Margareth Miranda Rodrigues Vidal Trabalho de conclus\u00e3o do m\u00f3dulo 1 do Curso de Forma\u00e7\u00e3o de<\/p>\n","protected":false},"author":1,"featured_media":0,"parent":6656,"menu_order":0,"comment_status":"closed","ping_status":"closed","template":"","meta":{"footnotes":""},"class_list":["post-7136","page","type-page","status-publish","hentry"],"yoast_head":"<!-- This site is optimized with the Yoast SEO plugin v27.4 - https:\/\/yoast.com\/product\/yoast-seo-wordpress\/ -->\n<title>Trabalhos Acad\u00eamicos - Cl\u00ednica Jorge Jaber<\/title>\n<meta name=\"robots\" content=\"index, follow, max-snippet:-1, max-image-preview:large, max-video-preview:-1\" \/>\n<link rel=\"canonical\" href=\"https:\/\/clinicajorgejaber.com.br\/novo\/curso-de-formacao-de-terapeutas-2025\/trabalhos-academicos\/\" \/>\n<meta property=\"og:locale\" content=\"pt_BR\" \/>\n<meta property=\"og:type\" content=\"article\" \/>\n<meta property=\"og:title\" content=\"Trabalhos Acad\u00eamicos - Cl\u00ednica Jorge Jaber\" \/>\n<meta property=\"og:description\" content=\"Trabalho de conclus\u00e3o do primeiro m\u00f3dulo do Curso de Forma\u00e7\u00e3o de Terapeutas em depend\u00eancia qu\u00edmica 2025 Pedro Pazelli S\u00edndrome de Abstin\u00eancia de Coca\u00edna e Crack Margareth Miranda Rodrigues Vidal Trabalho de conclus\u00e3o do m\u00f3dulo 1 do Curso de Forma\u00e7\u00e3o de\" \/>\n<meta property=\"og:url\" content=\"https:\/\/clinicajorgejaber.com.br\/novo\/curso-de-formacao-de-terapeutas-2025\/trabalhos-academicos\/\" \/>\n<meta property=\"og:site_name\" content=\"Cl\u00ednica Jorge Jaber\" \/>\n<meta property=\"article:modified_time\" content=\"2025-07-18T23:53:09+00:00\" \/>\n<meta name=\"twitter:card\" content=\"summary_large_image\" \/>\n<meta name=\"twitter:label1\" content=\"Est. tempo de leitura\" \/>\n\t<meta name=\"twitter:data1\" content=\"2 minutos\" \/>\n<script type=\"application\/ld+json\" class=\"yoast-schema-graph\">{\"@context\":\"https:\\\/\\\/schema.org\",\"@graph\":[{\"@type\":\"WebPage\",\"@id\":\"https:\\\/\\\/clinicajorgejaber.com.br\\\/novo\\\/curso-de-formacao-de-terapeutas-2025\\\/trabalhos-academicos\\\/\",\"url\":\"https:\\\/\\\/clinicajorgejaber.com.br\\\/novo\\\/curso-de-formacao-de-terapeutas-2025\\\/trabalhos-academicos\\\/\",\"name\":\"Trabalhos Acad\u00eamicos - Cl\u00ednica Jorge Jaber\",\"isPartOf\":{\"@id\":\"https:\\\/\\\/clinicajorgejaber.com.br\\\/novo\\\/#website\"},\"datePublished\":\"2025-07-18T21:46:13+00:00\",\"dateModified\":\"2025-07-18T23:53:09+00:00\",\"breadcrumb\":{\"@id\":\"https:\\\/\\\/clinicajorgejaber.com.br\\\/novo\\\/curso-de-formacao-de-terapeutas-2025\\\/trabalhos-academicos\\\/#breadcrumb\"},\"inLanguage\":\"pt-BR\",\"potentialAction\":[{\"@type\":\"ReadAction\",\"target\":[\"https:\\\/\\\/clinicajorgejaber.com.br\\\/novo\\\/curso-de-formacao-de-terapeutas-2025\\\/trabalhos-academicos\\\/\"]}]},{\"@type\":\"BreadcrumbList\",\"@id\":\"https:\\\/\\\/clinicajorgejaber.com.br\\\/novo\\\/curso-de-formacao-de-terapeutas-2025\\\/trabalhos-academicos\\\/#breadcrumb\",\"itemListElement\":[{\"@type\":\"ListItem\",\"position\":1,\"name\":\"In\u00edcio\",\"item\":\"https:\\\/\\\/clinicajorgejaber.com.br\\\/novo\\\/\"},{\"@type\":\"ListItem\",\"position\":2,\"name\":\"Curso de Forma\u00e7\u00e3o de Terapeutas 2025\",\"item\":\"https:\\\/\\\/clinicajorgejaber.com.br\\\/novo\\\/curso-de-formacao-de-terapeutas-2025\\\/\"},{\"@type\":\"ListItem\",\"position\":3,\"name\":\"Trabalhos Acad\u00eamicos\"}]},{\"@type\":\"WebSite\",\"@id\":\"https:\\\/\\\/clinicajorgejaber.com.br\\\/novo\\\/#website\",\"url\":\"https:\\\/\\\/clinicajorgejaber.com.br\\\/novo\\\/\",\"name\":\"Cl\u00ednica Jorge Jaber\",\"description\":\"A Cl\u00ednica Jorge Jaber, filiada \u00e0 World Federation for Mental Health (WFMH), atua na preven\u00e7\u00e3o e tratamento da sa\u00fade mental\",\"publisher\":{\"@id\":\"https:\\\/\\\/clinicajorgejaber.com.br\\\/novo\\\/#organization\"},\"potentialAction\":[{\"@type\":\"SearchAction\",\"target\":{\"@type\":\"EntryPoint\",\"urlTemplate\":\"https:\\\/\\\/clinicajorgejaber.com.br\\\/novo\\\/?s={search_term_string}\"},\"query-input\":{\"@type\":\"PropertyValueSpecification\",\"valueRequired\":true,\"valueName\":\"search_term_string\"}}],\"inLanguage\":\"pt-BR\"},{\"@type\":\"Organization\",\"@id\":\"https:\\\/\\\/clinicajorgejaber.com.br\\\/novo\\\/#organization\",\"name\":\"Cl\u00ednica Jorge Jaber\",\"url\":\"https:\\\/\\\/clinicajorgejaber.com.br\\\/novo\\\/\",\"logo\":{\"@type\":\"ImageObject\",\"inLanguage\":\"pt-BR\",\"@id\":\"https:\\\/\\\/clinicajorgejaber.com.br\\\/novo\\\/#\\\/schema\\\/logo\\\/image\\\/\",\"url\":\"https:\\\/\\\/clinicajorgejaber.com.br\\\/novo\\\/wp-content\\\/uploads\\\/2017\\\/04\\\/logo_nova_site.png\",\"contentUrl\":\"https:\\\/\\\/clinicajorgejaber.com.br\\\/novo\\\/wp-content\\\/uploads\\\/2017\\\/04\\\/logo_nova_site.png\",\"width\":283,\"height\":100,\"caption\":\"Cl\u00ednica Jorge Jaber\"},\"image\":{\"@id\":\"https:\\\/\\\/clinicajorgejaber.com.br\\\/novo\\\/#\\\/schema\\\/logo\\\/image\\\/\"}}]}<\/script>\n<!-- \/ Yoast SEO plugin. -->","yoast_head_json":{"title":"Trabalhos Acad\u00eamicos - Cl\u00ednica Jorge Jaber","robots":{"index":"index","follow":"follow","max-snippet":"max-snippet:-1","max-image-preview":"max-image-preview:large","max-video-preview":"max-video-preview:-1"},"canonical":"https:\/\/clinicajorgejaber.com.br\/novo\/curso-de-formacao-de-terapeutas-2025\/trabalhos-academicos\/","og_locale":"pt_BR","og_type":"article","og_title":"Trabalhos Acad\u00eamicos - Cl\u00ednica Jorge Jaber","og_description":"Trabalho de conclus\u00e3o do primeiro m\u00f3dulo do Curso de Forma\u00e7\u00e3o de Terapeutas em depend\u00eancia qu\u00edmica 2025 Pedro Pazelli S\u00edndrome de Abstin\u00eancia de Coca\u00edna e Crack Margareth Miranda Rodrigues Vidal Trabalho de conclus\u00e3o do m\u00f3dulo 1 do Curso de Forma\u00e7\u00e3o de","og_url":"https:\/\/clinicajorgejaber.com.br\/novo\/curso-de-formacao-de-terapeutas-2025\/trabalhos-academicos\/","og_site_name":"Cl\u00ednica Jorge Jaber","article_modified_time":"2025-07-18T23:53:09+00:00","twitter_card":"summary_large_image","twitter_misc":{"Est. tempo de leitura":"2 minutos"},"schema":{"@context":"https:\/\/schema.org","@graph":[{"@type":"WebPage","@id":"https:\/\/clinicajorgejaber.com.br\/novo\/curso-de-formacao-de-terapeutas-2025\/trabalhos-academicos\/","url":"https:\/\/clinicajorgejaber.com.br\/novo\/curso-de-formacao-de-terapeutas-2025\/trabalhos-academicos\/","name":"Trabalhos Acad\u00eamicos - Cl\u00ednica Jorge Jaber","isPartOf":{"@id":"https:\/\/clinicajorgejaber.com.br\/novo\/#website"},"datePublished":"2025-07-18T21:46:13+00:00","dateModified":"2025-07-18T23:53:09+00:00","breadcrumb":{"@id":"https:\/\/clinicajorgejaber.com.br\/novo\/curso-de-formacao-de-terapeutas-2025\/trabalhos-academicos\/#breadcrumb"},"inLanguage":"pt-BR","potentialAction":[{"@type":"ReadAction","target":["https:\/\/clinicajorgejaber.com.br\/novo\/curso-de-formacao-de-terapeutas-2025\/trabalhos-academicos\/"]}]},{"@type":"BreadcrumbList","@id":"https:\/\/clinicajorgejaber.com.br\/novo\/curso-de-formacao-de-terapeutas-2025\/trabalhos-academicos\/#breadcrumb","itemListElement":[{"@type":"ListItem","position":1,"name":"In\u00edcio","item":"https:\/\/clinicajorgejaber.com.br\/novo\/"},{"@type":"ListItem","position":2,"name":"Curso de Forma\u00e7\u00e3o de Terapeutas 2025","item":"https:\/\/clinicajorgejaber.com.br\/novo\/curso-de-formacao-de-terapeutas-2025\/"},{"@type":"ListItem","position":3,"name":"Trabalhos Acad\u00eamicos"}]},{"@type":"WebSite","@id":"https:\/\/clinicajorgejaber.com.br\/novo\/#website","url":"https:\/\/clinicajorgejaber.com.br\/novo\/","name":"Cl\u00ednica Jorge Jaber","description":"A Cl\u00ednica Jorge Jaber, filiada \u00e0 World Federation for Mental Health (WFMH), atua na preven\u00e7\u00e3o e tratamento da sa\u00fade mental","publisher":{"@id":"https:\/\/clinicajorgejaber.com.br\/novo\/#organization"},"potentialAction":[{"@type":"SearchAction","target":{"@type":"EntryPoint","urlTemplate":"https:\/\/clinicajorgejaber.com.br\/novo\/?s={search_term_string}"},"query-input":{"@type":"PropertyValueSpecification","valueRequired":true,"valueName":"search_term_string"}}],"inLanguage":"pt-BR"},{"@type":"Organization","@id":"https:\/\/clinicajorgejaber.com.br\/novo\/#organization","name":"Cl\u00ednica Jorge Jaber","url":"https:\/\/clinicajorgejaber.com.br\/novo\/","logo":{"@type":"ImageObject","inLanguage":"pt-BR","@id":"https:\/\/clinicajorgejaber.com.br\/novo\/#\/schema\/logo\/image\/","url":"https:\/\/clinicajorgejaber.com.br\/novo\/wp-content\/uploads\/2017\/04\/logo_nova_site.png","contentUrl":"https:\/\/clinicajorgejaber.com.br\/novo\/wp-content\/uploads\/2017\/04\/logo_nova_site.png","width":283,"height":100,"caption":"Cl\u00ednica Jorge Jaber"},"image":{"@id":"https:\/\/clinicajorgejaber.com.br\/novo\/#\/schema\/logo\/image\/"}}]}},"_links":{"self":[{"href":"https:\/\/clinicajorgejaber.com.br\/novo\/wp-json\/wp\/v2\/pages\/7136","targetHints":{"allow":["GET"]}}],"collection":[{"href":"https:\/\/clinicajorgejaber.com.br\/novo\/wp-json\/wp\/v2\/pages"}],"about":[{"href":"https:\/\/clinicajorgejaber.com.br\/novo\/wp-json\/wp\/v2\/types\/page"}],"author":[{"embeddable":true,"href":"https:\/\/clinicajorgejaber.com.br\/novo\/wp-json\/wp\/v2\/users\/1"}],"replies":[{"embeddable":true,"href":"https:\/\/clinicajorgejaber.com.br\/novo\/wp-json\/wp\/v2\/comments?post=7136"}],"version-history":[{"count":5,"href":"https:\/\/clinicajorgejaber.com.br\/novo\/wp-json\/wp\/v2\/pages\/7136\/revisions"}],"predecessor-version":[{"id":7165,"href":"https:\/\/clinicajorgejaber.com.br\/novo\/wp-json\/wp\/v2\/pages\/7136\/revisions\/7165"}],"up":[{"embeddable":true,"href":"https:\/\/clinicajorgejaber.com.br\/novo\/wp-json\/wp\/v2\/pages\/6656"}],"wp:attachment":[{"href":"https:\/\/clinicajorgejaber.com.br\/novo\/wp-json\/wp\/v2\/media?parent=7136"}],"curies":[{"name":"wp","href":"https:\/\/api.w.org\/{rel}","templated":true}]}}